{"id":57,"date":"2013-05-18T13:26:09","date_gmt":"2013-05-18T12:26:09","guid":{"rendered":"http:\/\/www.fa-bemol.com\/wordpress\/?page_id=57"},"modified":"2013-05-18T21:48:15","modified_gmt":"2013-05-18T20:48:15","slug":"technique-du-stop-motion","status":"publish","type":"page","link":"https:\/\/www.fa-bemol.com\/?page_id=57","title":{"rendered":"Technique du stop motion"},"content":{"rendered":"<p>L&rsquo;<b>animation en volume<\/b> ou <b>animation image par image<\/b> (<i><b>stop motion<\/b><\/i> et <i><b>go motion<\/b><\/i> en anglais) est une technique d&rsquo;animation permettant de cr\u00e9er un mouvement \u00e0 partir d&rsquo;objets immobiles.<\/p>\n<p>Le concept est proche de celui du dessin anim\u00e9 : une sc\u00e8ne (en g\u00e9n\u00e9ral constitu\u00e9e d&rsquo;objets) est film\u00e9e \u00e0 l&rsquo;aide d&rsquo;une cam\u00e9ra capable de ne prendre qu&rsquo;une seule image \u00e0 la fois (c&rsquo;est une photographie sur pellicule de film). Entre chaque image, les objets de la sc\u00e8ne sont l\u00e9g\u00e8rement d\u00e9plac\u00e9s. Lorsque le film est projet\u00e9 \u00e0 une vitesse normale, la sc\u00e8ne semble anim\u00e9e.<\/p>\n<p style=\"text-align: right;\">Wikipedia<\/p>\n","protected":false},"excerpt":{"rendered":"<p>L&rsquo;animation en volume ou animation image par image (stop motion et go motion en anglais) est une technique d&rsquo;animation permettant de cr\u00e9er un mouvement \u00e0 partir d&rsquo;objets immobiles. Le concept est proche de celui du dessin anim\u00e9 : une sc\u00e8ne (en g\u00e9n\u00e9ral constitu\u00e9e d&rsquo;objets) est film\u00e9e \u00e0 l&rsquo;aide d&rsquo;une cam\u00e9ra capable de ne prendre qu&rsquo;une [&hellip;]<\/p>\n","protected":false},"author":1,"featured_media":0,"parent":0,"menu_order":0,"comment_status":"closed","ping_status":"open","template":"","meta":{"footnotes":""},"class_list":["post-57","page","type-page","status-publish","hentry"],"_links":{"self":[{"href":"https:\/\/www.fa-bemol.com\/index.php?rest_route=\/wp\/v2\/pages\/57","targetHints":{"allow":["GET"]}}],"collection":[{"href":"https:\/\/www.fa-bemol.com\/index.php?rest_route=\/wp\/v2\/pages"}],"about":[{"href":"https:\/\/www.fa-bemol.com\/index.php?rest_route=\/wp\/v2\/types\/page"}],"author":[{"embeddable":true,"href":"https:\/\/www.fa-bemol.com\/index.php?rest_route=\/wp\/v2\/users\/1"}],"replies":[{"embeddable":true,"href":"https:\/\/www.fa-bemol.com\/index.php?rest_route=%2Fwp%2Fv2%2Fcomments&post=57"}],"version-history":[{"count":3,"href":"https:\/\/www.fa-bemol.com\/index.php?rest_route=\/wp\/v2\/pages\/57\/revisions"}],"predecessor-version":[{"id":65,"href":"https:\/\/www.fa-bemol.com\/index.php?rest_route=\/wp\/v2\/pages\/57\/revisions\/65"}],"wp:attachment":[{"href":"https:\/\/www.fa-bemol.com\/index.php?rest_route=%2Fwp%2Fv2%2Fmedia&parent=57"}],"curies":[{"name":"wp","href":"https:\/\/api.w.org\/{rel}","templated":true}]}}