{"id":67,"date":"2013-05-18T21:56:32","date_gmt":"2013-05-18T20:56:32","guid":{"rendered":"http:\/\/www.fa-bemol.com\/wordpress\/?page_id=67"},"modified":"2013-05-28T08:32:46","modified_gmt":"2013-05-28T07:32:46","slug":"make-me-sweat-2","status":"publish","type":"page","link":"http:\/\/www.fa-bemol.com\/?page_id=67","title":{"rendered":"Make Me Sweat"},"content":{"rendered":"<p><a href=\"http:\/\/www.fa-bemol.com\/wp-content\/uploads\/2013\/05\/DSC_0020-Version-2.jpg\"><img loading=\"lazy\" decoding=\"async\" class=\"alignright  wp-image-178\" alt=\"DSC_0020 - Version 2\" src=\"http:\/\/www.fa-bemol.com\/wp-content\/uploads\/2013\/05\/DSC_0020-Version-2-1024x680.jpg\" width=\"358\" height=\"238\" srcset=\"http:\/\/www.fa-bemol.com\/wp-content\/uploads\/2013\/05\/DSC_0020-Version-2-1024x680.jpg 1024w, http:\/\/www.fa-bemol.com\/wp-content\/uploads\/2013\/05\/DSC_0020-Version-2-300x199.jpg 300w\" sizes=\"auto, (max-width: 358px) 100vw, 358px\" \/><\/a><\/p>\n<p><a title=\"Make Me Sweat le site\" href=\"http:\/\/www.makemesweat.ch\">makemesweat.ch<\/a><br \/>\n<a title=\"Mx3\" href=\"http:\/\/mx3.ch\/artist\/makemesweat\">mx3.ch<\/a><br \/>\n<a title=\"Lien facebook\" href=\"https:\/\/www.facebook.com\/MakeMeSweatMusic\">facebook.com<\/a><\/p>\n<p>Make Me Sweat! est un ensemble de funk du littoral neuch\u00e2telois dont les 8 musicien-ne-s, comme son nom l\u2019annonce, font transpirer les foules \u00e0 coups de grooves et de riffs! Il est scientifiquement \u00e9tabli que ses reprises de morceaux allant de la soul au funk d\u00e9brid\u00e9 (JB\u2019s, Chaka Khan, Incognito, Joss Stone, The Temptations, etc.) sont plus efficaces que de multiples s\u00e9ances de fitness !!<\/p>\n<p>Membres:<a href=\"http:\/\/www.fa-bemol.com\/wp-content\/uploads\/2013\/05\/IMG_0338.jpg\"><img loading=\"lazy\" decoding=\"async\" class=\"alignright  wp-image-184\" alt=\"IMG_0338\" src=\"http:\/\/www.fa-bemol.com\/wp-content\/uploads\/2013\/05\/IMG_0338-1024x682.jpg\" width=\"358\" height=\"238\" srcset=\"http:\/\/www.fa-bemol.com\/wp-content\/uploads\/2013\/05\/IMG_0338-1024x682.jpg 1024w, http:\/\/www.fa-bemol.com\/wp-content\/uploads\/2013\/05\/IMG_0338-300x200.jpg 300w, http:\/\/www.fa-bemol.com\/wp-content\/uploads\/2013\/05\/IMG_0338.jpg 1536w\" sizes=\"auto, (max-width: 358px) 100vw, 358px\" \/><\/a><\/p>\n<p>Chant : Elizabeth \u201cTiza\u201d Brown<br \/>\nTrompette: Bill Holden<br \/>\nSax t\u00e9nor: Fred Lett\u00e9<br \/>\nSax baryton: Alexandre Bornand<br \/>\nClavier + voix: J\u00e9r\u00f4me Delaloye<br \/>\nGuitare + voix: S\u00e9bastien \u201cGhost\u201d Gosteli<br \/>\nBasse: \u201cJiggy\u201d Ulysse Rosselet<br \/>\nBatterie: Pascal \u201cPee-Wee\u201d Wagner<\/p>\n","protected":false},"excerpt":{"rendered":"<p>makemesweat.ch mx3.ch facebook.com Make Me Sweat! est un ensemble de funk du littoral neuch\u00e2telois dont les 8 musicien-ne-s, comme son nom l\u2019annonce, font transpirer les foules \u00e0 coups de grooves et de riffs! Il est scientifiquement \u00e9tabli que ses reprises de morceaux allant de la soul au funk d\u00e9brid\u00e9 (JB\u2019s, Chaka Khan, Incognito, Joss Stone, [&hellip;]<\/p>\n","protected":false},"author":1,"featured_media":0,"parent":0,"menu_order":0,"comment_status":"closed","ping_status":"open","template":"","meta":{"footnotes":""},"class_list":["post-67","page","type-page","status-publish","hentry"],"_links":{"self":[{"href":"http:\/\/www.fa-bemol.com\/index.php?rest_route=\/wp\/v2\/pages\/67","targetHints":{"allow":["GET"]}}],"collection":[{"href":"http:\/\/www.fa-bemol.com\/index.php?rest_route=\/wp\/v2\/pages"}],"about":[{"href":"http:\/\/www.fa-bemol.com\/index.php?rest_route=\/wp\/v2\/types\/page"}],"author":[{"embeddable":true,"href":"http:\/\/www.fa-bemol.com\/index.php?rest_route=\/wp\/v2\/users\/1"}],"replies":[{"embeddable":true,"href":"http:\/\/www.fa-bemol.com\/index.php?rest_route=%2Fwp%2Fv2%2Fcomments&post=67"}],"version-history":[{"count":16,"href":"http:\/\/www.fa-bemol.com\/index.php?rest_route=\/wp\/v2\/pages\/67\/revisions"}],"predecessor-version":[{"id":186,"href":"http:\/\/www.fa-bemol.com\/index.php?rest_route=\/wp\/v2\/pages\/67\/revisions\/186"}],"wp:attachment":[{"href":"http:\/\/www.fa-bemol.com\/index.php?rest_route=%2Fwp%2Fv2%2Fmedia&parent=67"}],"curies":[{"name":"wp","href":"https:\/\/api.w.org\/{rel}","templated":true}]}}